y + 43. Let r be m(k). Let h = r + -4986. Is h a composite number?
False
Let u(a) = a**2 - 4*a. Let i be u(2). Let b be i/(-6)*(2 - 6/12). Is b + -1 - (-2 - -1477)/(-5) a prime number?
False
Suppose 0 = -2*u - 3*c + 7827, 10*u - 5*u = -5*c + 19565. Let x = u + -2789. Is x a prime number?
True
Suppose -2*g - 5*c + 20 = 0, 72 = 3*g + 9*c - 12*c. Let i(l) = -l**3 + 30*l**2 + 10*l + 29. Is i(g) prime?
True
Let n(q) = -9*q + 36. Let m be n(4). Suppose 4*s - w + 58 = m, -s - 7*w - 4 = -2*w. Let j(u) = -94*u + 30. Is j(s) a prime number?
False
Let i = -62 - -66. Suppose -9*y + 5*y = 5*p - 16934, 3*p - i*y - 10154 = 0. Let w = p - 807. Is w a prime number?
True
Let i = 588 + -583. Suppose -5*u + 8320 = -5*w, -u + i*u - w - 6653 = 0. Is u a composite number?
False
Suppose 59*s - 67863 = 39*s + 720557. Is s a prime number?
False
Suppose -28*z = -x - 33*z + 573, 3*x = -3*z + 1719. Let f(w) = 41*w**2 + 4*w + 1. Let y be f(3). Suppose -5*m = -x - y. Is m a composite number?
False
Suppose 23077 + 26792 = 9*f. Suppose -50*i + 53*i = f. Is i prime?
True
Let m(p) = 48*p + 14. Let h be m(-2). Let a = -86 - h. Is 2/(-3)*1266/a a prime number?
True
Let p = 2117 - -6324. Is p a composite number?
True
Let t(b) = 794*b**2 + 16*b + 47. Is t(-9) a composite number?
False
Let y(n) = -27*n**2 + 2*n - 22. Let g be y(-8). Let t = g + 3715. Is t a composite number?
False
Suppose 65*n + 956815 = -17*n + 7178073. Is n a prime number?
True
Let y = 4 - 4. Let l be (-12)/(-24) + 5/2 + y. Suppose -l*w - 2*w - 3*c = -13522, w + c - 2704 = 0. Is w a composite number?
True
Let c(x) = 3*x - 25. Let t be c(5). Let v(g) = 16*g**2 - 14*g - 19. Is v(t) a prime number?
True
Let k be (16/20 + 2)*(2 + -12). Let g(y) = -81*y + 185. Is g(k) a composite number?
True
Suppose -2*i + 0*k - 5*k = 16, -4*k - 16 = 0. Suppose -6*z + 12 = -i*z. Suppose 5*f + z*f - 3880 = 0. Is f prime?
False
Let w(d) = -829*d**3 + 6*d**2 + 14*d + 36. Is w(-3) prime?
False
Let q(n) = 48*n**3 + 19*n**2 + 12*n - 200. Is q(19) a composite number?
True
Let o(z) = 395*z**2 - 99*z - 981. Is o(-31) a prime number?
False
Suppose 3*o - 5 = 2*o + 2*r, -o - 5*r + 19 = 0. Let k = -2 - -9. Suppose -854 = k*i - o*i. Is i composite?
True
Suppose u - 79274 = -3*c, -3*u + 23*c - 27*c = -237827. Is u a prime number?
False
Let i(m) = -197*m + 46. Let y be i(-11). Let r = y - 714. Is r a prime number?
True
Suppose -179*r + 182*r - 2*h = 109875, 4*r - 3*h = 146501. Is r a composite number?
True
Let s(j) = -441*j**3 + 15*j**2 + 40*j + 141. Is s(-8) composite?
True
Let c = -127 + 115. Is -1*(-6)/(c/(-194)) a composite number?
False
Is (-18)/10*(1803670/(-66))/19 composite?
True
Let v be 3/6 + (-17500)/(-8). Let t = v + 401. Is t a prime number?
False
Suppose -5*z - 816 = -73011. Suppose -5*s = o + 131 - 4968, 3*o - 3*s = z. Is o prime?
True
Suppose -7*a + 26 + 9 = 0. Suppose -5*m + 4*i + 3362 = 0, 0*m + a*m + 3*i - 3341 = 0. Let y = m - -219. Is y a composite number?
True
Let w(a) = 12383*a**2 + 132*a + 158. Is w(-11) composite?
False
Let n be (-12)/((-10)/46925*-5). Let b = n + 48174. Is (b/24)/(2 + -2 - -2) a composite number?
False
Is ((-356)/(-712))/(2 + 1917363/(-958682)) a prime number?
False
Let v be -4 + (5 - -6) + 3255. Suppose -j = -2745 - v. Is j prime?
True
Suppose 3694071 = 16*s - 5*f, 2*f - 923534 = 15*s - 19*s. Is s prime?
False
Let q(r) = -274*r + 26 + 148*r**2 + 297*r - 7. Is q(-6) prime?
True
Let r = -48 + 50. Is 7 + (1 - -5941) + (r - -2) composite?
False
Let g = 221119 - 44142. Is g composite?
False
Suppose 26*c - 14*c - 4*c - 1011376 = 0. Is c prime?
False
Let j(s) be the first derivative of 13*s**4/2 - 16*s**3/3 + 3*s**2/2 - 19*s + 157. Is j(5) composite?
True
Let g(o) = -117*o**3 + 60*o**2 + 1222*o - 154. Is g(-37) a prime number?
True
Let x = -76275 - -167162. Is x a prime number?
True
Suppose 30*r + 3*r = 0. Let v(t) be the first derivative of -t**3/3 - 3*t**2/2 + 983*t + 2. Is v(r) a composite number?
False
Let x = 54087 + -32204. Is x a composite number?
True
Let x(v) = -123415*v + 416. Is x(-3) a composite number?
False
Suppose o + 0*w + 63 = 4*w, 0 = -5*o + 3*w - 264. Let q be 136/o*(-1707)/2. Suppose 3*f - q - 67 = 0. Is f prime?
False
Suppose 18*s - 190332 = 6*s. Let h = s - 11078. Is h a prime number?
True
Let g(s) = -1506*s**3 + 26*s**2 + 151*s - 38. Is g(-7) a prime number?
False
Let d(j) = 61*j**2 - 15*j + 59. Let u(s) = -182*s**2 + 45*s - 173. Let y(w) = 7*d(w) + 2*u(w). Is y(7) prime?
True
Let z(i) = 79*i**2 - 16*i + 35. Let x be z(3). Suppose 2*s - x - 1208 = 0. Is s composite?
False
Suppose 10*v = -107926 + 661866. Let s = 90303 - v. Is s a prime number?
False
Suppose -14*k + 6*k + 61992 = 0. Suppose 0 = -4*t + k + 2335. Is t prime?
True
Let r(x) = 3*x**3 + 50*x**2 - 66*x - 44. Let n(f) = -f**3 - 17*f**2 + 22*f + 15. Let h(g) = -8*n(g) - 3*r(g). Is h(-19) a composite number?
False
Let i be 24/(6/(-8) + (-1)/(-4)). Let p be i*(1 - 4 - -2). Is (-43552)/p*(-3)/2 a composite number?
False
Suppose -4*n = -2*v - 2*v - 246004, 0 = -n - 5*v + 61489. Is n composite?
True
Suppose -79*d = -44237102 - 41410511. Is d prime?
True
Let w(a) = 602*a**2 - 16*a + 31. Is w(8) composite?
False
Suppose -26 + 2 = 8*m. Is (30/(-12) + m)*(-346)/1 composite?
True
Let m = -352 - -344. Is -53 - -1131 - (1 - m/(-2)) composite?
True
Let l be 57/4 - -3*6/(-72). Suppose 4*s + x = l, -4*s = s + 4*x - 12. Is (s + 78/9)/((-2)/(-237)) a prime number?
False
Let n = 8335 + 9948. Is n a composite number?
True
Let k = 191363 - 100516. Is k composite?
False
Suppose 11*q + 8*q = 76. Suppose 163 = -2*j + q*j - o, -331 = -4*j - 3*o. Is j a prime number?
False
Let l(h) = -450*h + 7. Let o = 243 + -104. Let a = 137 - o. Is l(a) a composite number?
False
Suppose -9*c - 8 + 44 = 0. Suppose 57 = -c*a + 69. Suppose 5*r + 4*z = 9467, -r + 3041 = a*z + 1152. Is r composite?
True
Is 3/(-1)*3*(-8221188)/108 a prime number?
True
Suppose 0 = 1137*t - 1148*t + 2127939. Is t prime?
False
Let a(j) = -10744*j - 771. Is a(-5) a prime number?
False
Let c be (1 + -4)/((-275)/(-290) + -1). Suppose 64*z - 12282 = c*z. Is z prime?
False
Let z(h) = 756*h**2 + 179*h**2 - 94*h**2 + 82 + 30*h. Is z(-3) prime?
True
Is (0 - (-129662)/91)*21/6 a prime number?
True
Suppose -y + 209732 = 4*x, 5*x = 11*y - 16*y + 262165. Is x a composite number?
False
Let s be 2 + 14/10 + (-4)/10. Suppose -s*g + t = -297, -2*t - 2*t = 0. Let o = 248 - g. Is o a composite number?
False
Suppose 162*h = 179*h - 1405067. Is h a composite number?
False
Suppose 6691 + 7473 = s + 4*r, 2*s - 28289 = 5*r. Suppose 5*q = 12153 + s. Is q a prime number?
True
Let v = 67 + -70. Let w(s) = -2*s**3 + 10*s**2 - 17*s + 17. Let z(n) = 3*n**3 - 21*n**2 + 33*n - 34. Let a(y) = v*z(y) - 5*w(y). Is a(-11) a prime number?
False
Let c be (-4)/(-10) + (6 - 84/35). Suppose 91 = z - c*p, 7*z + 3*p - 307 = 3*z. Is z prime?
True
Suppose 74*t = 45*t + 6926969. Is t prime?
False
Let s(w) be the first derivative of -w**4/4 - 14*w**3/3 - 5*w**2 + 3*w + 377. Let x(i) = -i**2 + 4*i + 7. Let d be x(7). Is s(d) a prime number?
False
Is (((-67919358)/(-4))/(-13))/((-72)/48) prime?
False
Is (-62)/124*(0 + -46*541) a prime number?
False
Let z be 1*40/((-64)/(-8)). Suppose 2*d - 6*d = -2*o + 366, z*o = 5*d + 900. Is o a composite number?
True
Suppose -10*x + 113992 = -51828. Is x a composite number?
True
Let j(p) = 11*p + 98. Let v be j(-7). Suppose v*k - 1599 = 18*k. Is k a prime number?
False
Let j = 421269 - 53320. Is j a prime number?
True
Let i be (-66)/(-3)*(165/10)/3. Is 11*66/i + 1*43591 a prime number?
True
Let o = 7989 + -5224. Let u = 726 + o. Is u a composite number?
False
Let d be ((-4)/(-24)*-3)/(1/(-34)). Let g = -15 + d. Suppose g*c + 4*c - 2154 = 0. Is c a prime number?
True
Suppose 15*o - 5*o = 2600. Let f = o + 2187. Is f composite?
False
Let o(r) = 49*r - 2 + 752*r - 2. Suppose 2*v = 3 + 5, -3*v + 11 = -t. Is o(t) a prime number?
True
Let x be (-33660)/275*5/(-2). Let t = 3095 - x. Is t a composite number?
False
Let p(w) = 187*w + 14. Let b be p(11). Let y = 6272 - b. Is y prime?
True
Suppose -997*a = -979*a - 11619954. Is a a composite number?
True
Suppose 138235 = 5*j - 3*x - 33030, -x = 0. Is j prime?
True
Suppose 278978 = 92*m - 78*m. Let g = m - 13976. Is g composite?
True
Is (-14)/(-1 + (-40)/16) - -7946